4 + 0?
-2dd544
In base 4, what is -10 - -2022002101310?
2022002101300
In base 4, what is -111320 - -3100321?
2323001
In base 12, what is -227ba6 + -12?
-227bb8
In base 16, what is -3fa + -3277?
-3671
In base 7, what is 26352110 + 12?
26352122
In base 6, what is -5400522034 + -3?
-5400522041
In base 3, what is -1020 - 112201002100?
-112201010120
In base 2, what is -101011 + -1000001011111001011000110?
-1000001011111001011110001
In base 16, what is 22cd6b - 3?
22cd68
In base 16, what is bf - b0b1?
-aff2
In base 13, what is -43bb42b + 7?
-43bb424
In base 2, what is 100 + -100100101000111011101100?
-100100101000111011101000
In base 13, what is -4751 + -588?
-5009
In base 4, what is -12203131 - 0?
-12203131
In base 4, what is 10002323 + 233?
10003222
In base 8, what is 1 + -12546353?
-12546352
In base 12, what is -a70 - 15885?
-16735
In base 12, what is -69 - 832b?
-8398
In base 16, what is 24dbd0 - -3?
24dbd3
In base 15, what is 95 + -d4e3d6?
-d4e341
In base 12, what is 5289b7 - -4?
5289bb
In base 14, what is c1d435 - 5a?
c1d3b9
In base 9, what is 6208158 + -1?
6208157
In base 10, what is 411807 - 7?
411800
In base 12, what is -33baa94 - -1?
-33baa93
In base 14, what is -b - 1a3750?
-1a375b
In base 7, what is 11646236144 + 3?
11646236150
In base 13, what is -9 - -930b8a?
930b81
In base 15, what is 101 + -129c1?
-128c0
In base 8, what is 6030 + 70646?
76676
In base 11, what is 88a3 - a6?
87a8
In base 2, what is 101001111110111000 - -1001?
101001111111000001
In base 7, what is -334 - -62150?
61513
In base 14, what is 3 - -1d1cb9dc?
1d1cba01
In base 8, what is -22 + -140072116?
-140072140
In base 9, what is 28 + 20853?
20882
In base 5, what is 3120 + 430040?
433210
In base 13, what is 761cc1 - 3?
761cbb
In base 16, what is dd662 + -f0?
dd572
In base 7, what is 0 + -335064643?
-335064643
In base 8, what is 14645213 + -1?
14645212
In base 15, what is -5ad1015 + -5?
-5ad101a
In base 6, what is -214040051421 + 2?
-214040051415
In base 12, what is -6 + -140a52a?
-140a534
In base 14, what is 317d + 54b6?
8655
In base 6, what is -222112115 + 1?
-222112114
In base 11, what is -140375 + -2172?
-142537
In base 12, what is -8a754 - 6?
-8a75a
In base 5, what is 142 + -2304312324?
-2304312132
In base 7, what is 532 - 265060?
-264225
In base 10, what is -830916 + -1?
-830917
In base 16, what is 39ecc - 4a?
39e82
In base 4, what is -3211233011 + 2130?
-3211230221
In base 14, what is -64a - b64?
-13b0
In base 13, what is 15342312 - -3?
15342315
In base 3, what is -12 + 110022221010220?
110022221010201
In base 11, what is -3 + 1852a93?
1852a90
In base 8, what is 446 - -1302463?
1303131
In base 14, what is 1b + 129b57?
129b74
In base 8, what is -16612 + 677?
-15713
In base 2, what is -111010 + -11111011110100111?
-11111011111100001
In base 3, what is 1110012201 - 11111221?
1021200210
In base 13, what is -34207 - 4?
-3420b
In base 2, what is 1011 + 11001111011001011000011?
11001111011001011001110
In base 11, what is 250354 - -1a4?
250548
In base 2, what is -1010100010101001101111001 + 1?
-1010100010101001101111000
In base 7, what is -2660033 - 2143?
-2662206
In base 12, what is -2 - 376367a5?
-376367a7
In base 10, what is -5 - -890532?
890527
In base 9, what is 0 - 62338778?
-62338778
In base 10, what is 85749 + -5872?
79877
In base 16, what is 2c5e18 + -7?
2c5e11
In base 16, what is 65056e - 1?
65056d
In base 8, what is -210035 - -3374?
-204441
In base 12, what is 366373b3 - -4?
366373b7
In base 4, what is -11 - 113011021202222?
-113011021202233
In base 5, what is -121332000 + -131?
-121332131
In base 14, what is -2a82 - -22d?
-2853
In base 6, what is 1252445 - -1024?
1253513
In base 6, what is 0 + -1025114552?
-1025114552
In base 15, what is c6 + 1e0aaa?
1e0b81
In base 2, what is -11 + 101011011001100111101111001?
101011011001100111101110110
In base 15, what is -806923e + 4?
-806923a
In base 4, what is -1213120 + 1003311?
-203203
In base 10, what is 190 - 923552?
-923362
In base 13, what is 730a - 2312?
4cc8
In base 4, what is -20 - 3110113133301?
-3110113133321
In base 8, what is -4371 - 2400?
-6771
In base 16, what is -12ee - 7be?
-1aac
In base 15, what is -d00441 + -4?
-d00445
In base 2, what is 111110111100001 - 11101001101?
111011010010100
In base 12, what is -430a8b2b + 2?
-430a8b29
In base 11, what is 4763250 + 5?
4763255
In base 15, what is -3b985 - -c8?
-3b8ac
In base 6, what is 3155 - -21501?
25100
In base 8, what is 1175660222 + 4?
1175660226
In base 8, what is -30313644 - -6?
-30313636
In base 14, what is -2d4189 - 14?
-2d419d
In base 2, what is 110111 + 111100101111011000010?
111100101111011111001
In base 5, what is 134144313243 - 10?
134144313233
In base 4, what is -12100322312 - -12?
-12100322300
In base 10, what is -46 - -117967?
117921
In base 5, what is -10140122224 + -10?
-10140122234
In base 5, what is 34403031 + 422?
34404003
In base 15, what is -2a6ba - -76?
-2a644
In base 3, what is -1111022100 - -2202?
-1111012121
In base 6, what is 405 + 1150022?
1150431
In base 15, what is 8 + -3b8c33?
-3b8c2a
In base 7, what is -23153 + 5103?
-15050
In base 8, what is -121 + -346236?
-346357
In base 3, what is -12 - -1222122021000010?
1222122020222221
In base 14, what is -10a7c + a3d4?
-4688
In base 8, what is 230 - -1460?
1710
In base 12, what is 8b0 + -a4207?
-a3517
In base 4, what is 3 + -201220211?
-201220202
In base 14, what is bddd - -32c?
c32b
In base 15, what is -1de + 2e230?
2e041
In base 8, what is 43 - -337062?
337125
In base 10, what is 145 - -69474?
69619
In base 11, what is 10267 - 195?
10082
In base 3, what is -2222012120 + 20212?
-2221221201
In base 15, what is -1a9d0c0 + -5?
-1a9d0c5
In base 16, what is -e7fc80 - -2?
-e7fc7e
In base 12, what is -4 - 11a620?
-11a624
In base 3, what is 0 - -12202120012212?
12202120012212
In base 16, what is 3fb + 702b?
7426
In base 10, what is -2 + 2026559?
2026557
In base 8, what is -151 - -3214534?
3214363
In base 7, what is 42054534 + 0?
42054534
In base 2, what is -100011110 - 1011001111100100?
-1011010100000010
In base 14, what is 4dacc13 - 4?
4dacc0d
In base 16, what is 122ed - -1ad?
1249a
In base 16, what is -4 - -a920e?
a920a
In base 3, what is 1122100111 - 20?
1122100021
In base 7, what is -5106613 + 2152?
-5104431
In base 2, what is 10101 - -111100111001110100110?
111100111001110111011
In base 11, what is -15 - 3209035?
-320904a
In base 12, what is -12b07 + -94b?
-13856
In base 11, what is 118 - 325a8?
-32490
In base 3, what is -220211110010210 + -10?
-220211110010220
In base 5, what is -104214 - 1010013?
-1114232
In base 4, what is -2 + 32220312?
32220310
In base 10, what is 3409567 - -62?
3409629
In base 16, what is 2c8 - -84ef?
87b7
In base 8, what is -120102531 + 4?
-120102525
In base 11, what is 28 + -18753082?
-18753055
In base 9, what is 3 - -23200131?
23200134
In base 9, what is 585 + -11528?
-10833
In base 4, what is -2 + 2302021222?
2302021220
In base 7, what is 1 - -1611240?
1611241
In base 2, what is 1010001110001000100 - 1100010?
1010001101111100010
In base 12, what is 103 - 3000?
-2ab9
In base 10, what is 1434850 + -5?
1434845
In base 3, what is 10 + -10202121212000220?
-10202121212000210
In base 8, what is 1054 + -4264?
-3210
In base 9, what is 40676224 + -13?
40676211
In base 2, what is 1001001100 + -10010011111001010?
-10010010101111110
In base 5, what is -20213434 + -30?
-20214014
In base 15, what is a5 + 4cb125?
4cb1ca
In base 12, what is -2159 - 2289?
-4426
In base 12, what is -20 + -238820?
-238840
In base 13, what is -24c694c + -2?
-24c6951
In base 12, what is 29 + -440a996?
-440a969
In base 4, what is 1133 - -1212013301?
1212021100
In base 13, what is -2a32 - -1083?
-197c
In base 15, what is 9c9d1d + -c?
9c9d11
In base 7, what is -2 - -1401255504?
1401255502
In base 9, what is 145303274 - 3?
145303271
In base 8, what is -1 + 44314552?
44314551
In base 11, what is -547 - -34993?
34447
In base 16, what is -261f3 + 1bf?
-26034
In base 16, what is e + 116edb?
116ee9
In base 11, what is 1128 - 24725?
-235a8
In base 15, what is -3107a + -4e?
-310c9
In base 11, what is -2178 + -1497?
-3664
In base 4, what is 2 + 321323320301?
321323320303
In base 5, what is -313434 - 44142?
-413131
In base 2, what is -11101100 - -111010001011000?
111001101101100
In base 6, what is 4155053 + -5?
